{"id":184,"date":"2023-06-02T19:44:41","date_gmt":"2023-06-02T19:44:41","guid":{"rendered":"https:\/\/artealcolea.es\/?page_id=184"},"modified":"2024-06-04T10:33:59","modified_gmt":"2024-06-04T10:33:59","slug":"biografia","status":"publish","type":"page","link":"https:\/\/artealcolea.es\/index.php\/biografia\/","title":{"rendered":"BIOGRAFIA"},"content":{"rendered":"<p>[et_pb_section fb_built=&#8221;1&#8243; admin_label=&#8221;Header&#8221; _builder_version=&#8221;4.21.0&#8243; _module_preset=&#8221;default&#8221; background_color=&#8221;#000000&#8243; custom_padding=&#8221;1px|||||&#8221; collapsed=&#8221;off&#8221; global_colors_info=&#8221;{}&#8221;][et_pb_row _builder_version=&#8221;4.21.0&#8243; _module_preset=&#8221;default&#8221; width=&#8221;90%&#8221; global_colors_info=&#8221;{}&#8221;][et_pb_column type=&#8221;4_4&#8243; _builder_version=&#8221;4.20.0&#8243; _module_preset=&#8221;default&#8221; global_colors_info=&#8221;{}&#8221;][et_pb_text _builder_version=&#8221;4.21.0&#8243; _module_preset=&#8221;3558b3a9-b802-426a-ba8b-5e03288e5712&#8243; text_text_color=&#8221;#FFFFFF&#8221; header_text_color=&#8221;#FFFFFF&#8221; header_font_size=&#8221;100px&#8221; text_orientation=&#8221;center&#8221; header_font_size_tablet=&#8221;70px&#8221; header_font_size_phone=&#8221;36px&#8221; header_font_size_last_edited=&#8221;on|phone&#8221; global_colors_info=&#8221;{}&#8221;]<\/p>\n<h1>BIOGRAF\u00cdA<\/h1>\n<p>[\/et_pb_text][\/et_pb_column][\/et_pb_row][et_pb_row custom_padding_last_edited=&#8221;on|phone&#8221; _builder_version=&#8221;4.21.0&#8243; _module_preset=&#8221;default&#8221; background_color=&#8221;#000000&#8243; width=&#8221;90%&#8221; module_alignment=&#8221;center&#8221; custom_padding=&#8221;0px||0px||true|true&#8221; custom_padding_tablet=&#8221;40px||40px||true|true&#8221; custom_padding_phone=&#8221;20px||20px||true|true&#8221; global_colors_info=&#8221;{}&#8221;][et_pb_column type=&#8221;4_4&#8243; _builder_version=&#8221;4.20.0&#8243; _module_preset=&#8221;default&#8221; global_colors_info=&#8221;{}&#8221;][et_pb_image src=&#8221;https:\/\/artealcolea.es\/wp-content\/uploads\/2024\/05\/jesus-alcolea-04.jpg&#8221; title_text=&#8221;jesus alcolea 04&#8243; align=&#8221;center&#8221; force_fullwidth=&#8221;on&#8221; _builder_version=&#8221;4.22.2&#8243; _module_preset=&#8221;default&#8221; global_colors_info=&#8221;{}&#8221;][\/et_pb_image][\/et_pb_column][\/et_pb_row][et_pb_row column_structure=&#8221;2_5,3_5&#8243; disabled_on=&#8221;on|on|off&#8221; _builder_version=&#8221;4.22.2&#8243; _module_preset=&#8221;default&#8221; global_colors_info=&#8221;{}&#8221;][et_pb_column type=&#8221;2_5&#8243; _builder_version=&#8221;4.22.2&#8243; _module_preset=&#8221;default&#8221; global_colors_info=&#8221;{}&#8221;][et_pb_image src=&#8221;https:\/\/artealcolea.es\/wp-content\/uploads\/2024\/05\/jesus-alcolea-05.jpg&#8221; title_text=&#8221;jesus alcolea 05&#8243; _builder_version=&#8221;4.22.2&#8243; _module_preset=&#8221;default&#8221; global_colors_info=&#8221;{}&#8221;][\/et_pb_image][\/et_pb_column][et_pb_column type=&#8221;3_5&#8243; _builder_version=&#8221;4.22.2&#8243; _module_preset=&#8221;default&#8221; global_colors_info=&#8221;{}&#8221;][et_pb_text _builder_version=&#8221;4.22.2&#8243; _module_preset=&#8221;default&#8221; text_text_color=&#8221;#FFFFFF&#8221; text_font_size=&#8221;19px&#8221; global_colors_info=&#8221;{}&#8221;]<\/p>\n<p><span style=\"color: #ffffff;\">Nacido en Madrid en 1970, comenc\u00e9 mi carrera como artista autodidacta en 2002, demostrando desde el principio una gran capacidad creativa. Durante los a\u00f1os comprendidos entre 2002 y 2006, estuve completamente enamorado de mi actividad art\u00edstica, pintando e investigando diferentes t\u00e9cnicas como una forma de expresar mis inquietudes.<\/span><\/p>\n<p><span style=\"color: #ffffff;\">Mi estilo pict\u00f3rico se caracteriza por no atenerse a reglas ni tendencias, bas\u00e1ndose en la mezcla de t\u00e9cnicas y materiales. Soy un curioso creador e investigador, incorporando diversas t\u00e9cnicas a mis obras para crear espacios llenos de materia que conforman un relieve simb\u00f3lico, sugiriendo m\u00e1s que describiendo la realidad de mi pensamiento creativo. Mi tem\u00e1tica aborda aspectos sociales, creativos e imaginativos, englobados en diferentes l\u00edneas de trabajo.<\/span><\/p>\n<p><span style=\"color: #ffffff;\">En 2004 inici\u00e9 mi trayectoria art\u00edstica con gran aceptaci\u00f3n en galer\u00edas de arte en Madrid, participando en concursos de pintura a nivel nacional y haci\u00e9ndome un nombre en el \u00e1mbito art\u00edstico profesional. Exhib\u00ed mi obra al p\u00fablico a trav\u00e9s de diversas exposiciones individuales en centros culturales, ayuntamientos y ferias en Madrid y Toledo. He sido finalista y ganador de varios cert\u00e1menes y premios de pintura. Mi serie &#8220;Diminutos&#8221; ha sido premiada y reconocida nacional e internacionalmente. Adem\u00e1s, mi colecci\u00f3n &#8220;Iconos de la M\u00fasica&#8221;, donde rindo homenaje a grandes m\u00fasicos a trav\u00e9s de mi t\u00e9cnica, fue seleccionada para inaugurar el Museo Crom\u00e1tica de Toledo.<\/span><\/p>\n<p><span style=\"color: #ffffff;\">Formo parte del Proyecto Ayotl con la obra &#8220;Humanos por las Tortugas&#8221; para su exhibici\u00f3n en una gira mundial que recorre los cinco continentes. Asimismo, mi obra &#8220;La \u00daltima Cena&#8221; fue seleccionada para su exhibici\u00f3n en el 56 premio Reina Sof\u00eda. Adem\u00e1s, fui reconocido como artista Mundart en 2022.<\/span><\/p>\n<p><span style=\"color: #ffffff;\">En diciembre de 2015, inaugur\u00e9 el TALLER-EXPOSICI\u00d3N ARTEALCOLEA, un espacio donde los visitantes pueden apreciar mi obra y observar el proceso creativo de mi trabajo. Este espacio, abierto al p\u00fablico, cuenta con una sala de exposici\u00f3n donde se exhiben todas mis l\u00edneas de trabajo. En 2018, cambi\u00e9 de estudio continuando con mi trabajo pict\u00f3rico y comenc\u00e9 a experimentar fusionando escultura y pintura.<\/span><\/p>\n<p><span style=\"color: #ffffff;\">En la actualidad, contin\u00fao exponiendo tanto a nivel nacional como internacional.<\/span><\/p>\n<p>[\/et_pb_text][\/et_pb_column][\/et_pb_row][et_pb_row disabled_on=&#8221;off|off|on&#8221; _builder_version=&#8221;4.22.2&#8243; _module_preset=&#8221;default&#8221; hover_enabled=&#8221;0&#8243; global_colors_info=&#8221;{}&#8221; width=&#8221;90%&#8221; sticky_enabled=&#8221;0&#8243;][et_pb_column type=&#8221;4_4&#8243; _builder_version=&#8221;4.22.2&#8243; _module_preset=&#8221;default&#8221; global_colors_info=&#8221;{}&#8221;][et_pb_text _builder_version=&#8221;4.22.2&#8243; _module_preset=&#8221;default&#8221; text_text_color=&#8221;#FFFFFF&#8221; text_font_size=&#8221;19px&#8221; hover_enabled=&#8221;0&#8243; global_colors_info=&#8221;{}&#8221; width=&#8221;90%&#8221; sticky_enabled=&#8221;0&#8243;]<\/p>\n<p><span style=\"color: #ffffff;\">Nacido en Madrid en 1970, comenc\u00e9 mi carrera como artista autodidacta en 2002, demostrando desde el principio una gran capacidad creativa. Durante los a\u00f1os comprendidos entre 2002 y 2006, estuve completamente enamorado de mi actividad art\u00edstica, pintando e investigando diferentes t\u00e9cnicas como una forma de expresar mis inquietudes.<\/span><\/p>\n<p><span style=\"color: #ffffff;\">Mi estilo pict\u00f3rico se caracteriza por no atenerse a reglas ni tendencias, bas\u00e1ndose en la mezcla de t\u00e9cnicas y materiales. Soy un curioso creador e investigador, incorporando diversas t\u00e9cnicas a mis obras para crear espacios llenos de materia que conforman un relieve simb\u00f3lico, sugiriendo m\u00e1s que describiendo la realidad de mi pensamiento creativo. Mi tem\u00e1tica aborda aspectos sociales, creativos e imaginativos, englobados en diferentes l\u00edneas de trabajo.<\/span><\/p>\n<p><span style=\"color: #ffffff;\">En 2004 inici\u00e9 mi trayectoria art\u00edstica con gran aceptaci\u00f3n en galer\u00edas de arte en Madrid, participando en concursos de pintura a nivel nacional y haci\u00e9ndome un nombre en el \u00e1mbito art\u00edstico profesional. Exhib\u00ed mi obra al p\u00fablico a trav\u00e9s de diversas exposiciones individuales en centros culturales, ayuntamientos y ferias en Madrid y Toledo. He sido finalista y ganador de varios cert\u00e1menes y premios de pintura. Mi serie &#8220;Diminutos&#8221; ha sido premiada y reconocida nacional e internacionalmente. Adem\u00e1s, mi colecci\u00f3n &#8220;Iconos de la M\u00fasica&#8221;, donde rindo homenaje a grandes m\u00fasicos a trav\u00e9s de mi t\u00e9cnica, fue seleccionada para inaugurar el Museo Crom\u00e1tica de Toledo.<\/span><\/p>\n<p><span style=\"color: #ffffff;\">Formo parte del Proyecto Ayotl con la obra &#8220;Humanos por las Tortugas&#8221; para su exhibici\u00f3n en una gira mundial que recorre los cinco continentes. Asimismo, mi obra &#8220;La \u00daltima Cena&#8221; fue seleccionada para su exhibici\u00f3n en el 56 premio Reina Sof\u00eda. Adem\u00e1s, fui reconocido como artista Mundart en 2022.<\/span><\/p>\n<p><span style=\"color: #ffffff;\">En diciembre de 2015, inaugur\u00e9 el TALLER-EXPOSICI\u00d3N ARTEALCOLEA, un espacio donde los visitantes pueden apreciar mi obra y observar el proceso creativo de mi trabajo. Este espacio, abierto al p\u00fablico, cuenta con una sala de exposici\u00f3n donde se exhiben todas mis l\u00edneas de trabajo. En 2018, cambi\u00e9 de estudio continuando con mi trabajo pict\u00f3rico y comenc\u00e9 a experimentar fusionando escultura y pintura.<\/span><\/p>\n<p><span style=\"color: #ffffff;\">En la actualidad, contin\u00fao exponiendo tanto a nivel nacional como internacional.<\/span><\/p>\n<p>[\/et_pb_text][et_pb_image src=&#8221;https:\/\/artealcolea.es\/wp-content\/uploads\/2024\/05\/jesus-alcolea-05.jpg&#8221; title_text=&#8221;jesus alcolea 05&#8243; _builder_version=&#8221;4.22.2&#8243; _module_preset=&#8221;default&#8221; global_colors_info=&#8221;{}&#8221;][\/et_pb_image][\/et_pb_column][\/et_pb_row][\/et_pb_section]<\/p>\n","protected":false},"excerpt":{"rendered":"<p>BIOGRAF\u00cdANacido en Madrid en 1970, comenc\u00e9 mi carrera como artista autodidacta en 2002, demostrando desde el principio una gran capacidad creativa. Durante los a\u00f1os comprendidos entre 2002 y 2006, estuve completamente enamorado de mi actividad art\u00edstica, pintando e investigando diferentes t\u00e9cnicas como una forma de expresar mis inquietudes. Mi estilo pict\u00f3rico se caracteriza por no [&hellip;]<\/p>\n","protected":false},"author":1,"featured_media":0,"parent":0,"menu_order":0,"comment_status":"closed","ping_status":"closed","template":"","meta":{"_et_pb_use_builder":"on","_et_pb_old_content":"","_et_gb_content_width":"","footnotes":""},"class_list":["post-184","page","type-page","status-publish","hentry"],"_links":{"self":[{"href":"https:\/\/artealcolea.es\/index.php\/wp-json\/wp\/v2\/pages\/184","targetHints":{"allow":["GET"]}}],"collection":[{"href":"https:\/\/artealcolea.es\/index.php\/wp-json\/wp\/v2\/pages"}],"about":[{"href":"https:\/\/artealcolea.es\/index.php\/wp-json\/wp\/v2\/types\/page"}],"author":[{"embeddable":true,"href":"https:\/\/artealcolea.es\/index.php\/wp-json\/wp\/v2\/users\/1"}],"replies":[{"embeddable":true,"href":"https:\/\/artealcolea.es\/index.php\/wp-json\/wp\/v2\/comments?post=184"}],"version-history":[{"count":18,"href":"https:\/\/artealcolea.es\/index.php\/wp-json\/wp\/v2\/pages\/184\/revisions"}],"predecessor-version":[{"id":1552,"href":"https:\/\/artealcolea.es\/index.php\/wp-json\/wp\/v2\/pages\/184\/revisions\/1552"}],"wp:attachment":[{"href":"https:\/\/artealcolea.es\/index.php\/wp-json\/wp\/v2\/media?parent=184"}],"curies":[{"name":"wp","href":"https:\/\/api.w.org\/{rel}","templated":true}]}}

<p>[et_pb_section fb_built=&#8221;1&#8243; admin_label=&#8221;Header&#8221; _builder_version=&#8221;4.21.0&#8243; _module_preset=&#8221;default&#8221; background_color=&#8221;#000000&#8243; custom_padding=&#8221;1px|||||&#8221; collapsed=&#8221;off&#8221; global_colors_info=&#8221;{}&#8221;][et_pb_row _builder_version=&#8221;4.21.0&#8243; _module_preset=&#8221;default&#8221; width=&#8221;90%&#8221; global_colors_info=&#8221;{}&#8221;][et_pb_column type=&#8221;4_4&#8243; _builder_version=&#8221;4.20.0&#8243; _module_preset=&#8221;default&#8221; global_colors_info=&#8221;{}&#8221;][et_pb_text _builder_version=&#8221;4.21.0&#8243; _module_preset=&#8221;3558b3a9-b802-426a-ba8b-5e03288e5712&#8243; text_text_color=&#8221;#FFFFFF&#8221; header_text_color=&#8221;#FFFFFF&#8221; header_font_size=&#8221;100px&#8221; text_orientation=&#8221;center&#8221; header_font_size_tablet=&#8221;70px&#8221; header_font_size_phone=&#8221;36px&#8221; header_font_size_last_edited=&#8221;on|phone&#8221; global_colors_info=&#8221;{}&#8221;]</p>
<h1>BIOGRAFÍA</h1>
<p>[/et_pb_text][/et_pb_column][/et_pb_row][et_pb_row custom_padding_last_edited=&#8221;on|phone&#8221; _builder_version=&#8221;4.21.0&#8243; _module_preset=&#8221;default&#8221; background_color=&#8221;#000000&#8243; width=&#8221;90%&#8221; module_alignment=&#8221;center&#8221; custom_padding=&#8221;0px||0px||true|true&#8221; custom_padding_tablet=&#8221;40px||40px||true|true&#8221; custom_padding_phone=&#8221;20px||20px||true|true&#8221; global_colors_info=&#8221;{}&#8221;][et_pb_column type=&#8221;4_4&#8243; _builder_version=&#8221;4.20.0&#8243; _module_preset=&#8221;default&#8221; global_colors_info=&#8221;{}&#8221;][et_pb_image src=&#8221;https://artealcolea.es/wp-content/uploads/2024/05/jesus-alcolea-04.jpg&#8221; title_text=&#8221;jesus alcolea 04&#8243; align=&#8221;center&#8221; force_fullwidth=&#8221;on&#8221; _builder_version=&#8221;4.22.2&#8243; _module_preset=&#8221;default&#8221; global_colors_info=&#8221;{}&#8221;][/et_pb_image][/et_pb_column][/et_pb_row][et_pb_row column_structure=&#8221;2_5,3_5&#8243; disabled_on=&#8221;on|on|off&#8221; _builder_version=&#8221;4.22.2&#8243; _module_preset=&#8221;default&#8221; global_colors_info=&#8221;{}&#8221;][et_pb_column type=&#8221;2_5&#8243; _builder_version=&#8221;4.22.2&#8243; _module_preset=&#8221;default&#8221; global_colors_info=&#8221;{}&#8221;][et_pb_image src=&#8221;https://artealcolea.es/wp-content/uploads/2024/05/jesus-alcolea-05.jpg&#8221; title_text=&#8221;jesus alcolea 05&#8243; _builder_version=&#8221;4.22.2&#8243; _module_preset=&#8221;default&#8221; global_colors_info=&#8221;{}&#8221;][/et_pb_image][/et_pb_column][et_pb_column type=&#8221;3_5&#8243; _builder_version=&#8221;4.22.2&#8243; _module_preset=&#8221;default&#8221; global_colors_info=&#8221;{}&#8221;][et_pb_text _builder_version=&#8221;4.22.2&#8243; _module_preset=&#8221;default&#8221; text_text_color=&#8221;#FFFFFF&#8221; text_font_size=&#8221;19px&#8221; global_colors_info=&#8221;{}&#8221;]</p>
<p><span style="color: #ffffff;">Nacido en Madrid en 1970, comencé mi carrera como artista autodidacta en 2002, demostrando desde el principio una gran capacidad creativa. Durante los años comprendidos entre 2002 y 2006, estuve completamente enamorado de mi actividad artística, pintando e investigando diferentes técnicas como una forma de expresar mis inquietudes.</span></p>
<p><span style="color: #ffffff;">Mi estilo pictórico se caracteriza por no atenerse a reglas ni tendencias, basándose en la mezcla de técnicas y materiales. Soy un curioso creador e investigador, incorporando diversas técnicas a mis obras para crear espacios llenos de materia que conforman un relieve simbólico, sugiriendo más que describiendo la realidad de mi pensamiento creativo. Mi temática aborda aspectos sociales, creativos e imaginativos, englobados en diferentes líneas de trabajo.</span></p>
<p><span style="color: #ffffff;">En 2004 inicié mi trayectoria artística con gran aceptación en galerías de arte en Madrid, participando en concursos de pintura a nivel nacional y haciéndome un nombre en el ámbito artístico profesional. Exhibí mi obra al público a través de diversas exposiciones individuales en centros culturales, ayuntamientos y ferias en Madrid y Toledo. He sido finalista y ganador de varios certámenes y premios de pintura. Mi serie &#8220;Diminutos&#8221; ha sido premiada y reconocida nacional e internacionalmente. Además, mi colección &#8220;Iconos de la Música&#8221;, donde rindo homenaje a grandes músicos a través de mi técnica, fue seleccionada para inaugurar el Museo Cromática de Toledo.</span></p>
<p><span style="color: #ffffff;">Formo parte del Proyecto Ayotl con la obra &#8220;Humanos por las Tortugas&#8221; para su exhibición en una gira mundial que recorre los cinco continentes. Asimismo, mi obra &#8220;La Última Cena&#8221; fue seleccionada para su exhibición en el 56 premio Reina Sofía. Además, fui reconocido como artista Mundart en 2022.</span></p>
<p><span style="color: #ffffff;">En diciembre de 2015, inauguré el TALLER-EXPOSICIÓN ARTEALCOLEA, un espacio donde los visitantes pueden apreciar mi obra y observar el proceso creativo de mi trabajo. Este espacio, abierto al público, cuenta con una sala de exposición donde se exhiben todas mis líneas de trabajo. En 2018, cambié de estudio continuando con mi trabajo pictórico y comencé a experimentar fusionando escultura y pintura.</span></p>
<p><span style="color: #ffffff;">En la actualidad, continúo exponiendo tanto a nivel nacional como internacional.</span></p>
<p>[/et_pb_text][/et_pb_column][/et_pb_row][et_pb_row disabled_on=&#8221;off|off|on&#8221; _builder_version=&#8221;4.22.2&#8243; _module_preset=&#8221;default&#8221; hover_enabled=&#8221;0&#8243; global_colors_info=&#8221;{}&#8221; width=&#8221;90%&#8221; sticky_enabled=&#8221;0&#8243;][et_pb_column type=&#8221;4_4&#8243; _builder_version=&#8221;4.22.2&#8243; _module_preset=&#8221;default&#8221; global_colors_info=&#8221;{}&#8221;][et_pb_text _builder_version=&#8221;4.22.2&#8243; _module_preset=&#8221;default&#8221; text_text_color=&#8221;#FFFFFF&#8221; text_font_size=&#8221;19px&#8221; hover_enabled=&#8221;0&#8243; global_colors_info=&#8221;{}&#8221; width=&#8221;90%&#8221; sticky_enabled=&#8221;0&#8243;]</p>
<p><span style="color: #ffffff;">Nacido en Madrid en 1970, comencé mi carrera como artista autodidacta en 2002, demostrando desde el principio una gran capacidad creativa. Durante los años comprendidos entre 2002 y 2006, estuve completamente enamorado de mi actividad artística, pintando e investigando diferentes técnicas como una forma de expresar mis inquietudes.</span></p>
<p><span style="color: #ffffff;">Mi estilo pictórico se caracteriza por no atenerse a reglas ni tendencias, basándose en la mezcla de técnicas y materiales. Soy un curioso creador e investigador, incorporando diversas técnicas a mis obras para crear espacios llenos de materia que conforman un relieve simbólico, sugiriendo más que describiendo la realidad de mi pensamiento creativo. Mi temática aborda aspectos sociales, creativos e imaginativos, englobados en diferentes líneas de trabajo.</span></p>
<p><span style="color: #ffffff;">En 2004 inicié mi trayectoria artística con gran aceptación en galerías de arte en Madrid, participando en concursos de pintura a nivel nacional y haciéndome un nombre en el ámbito artístico profesional. Exhibí mi obra al público a través de diversas exposiciones individuales en centros culturales, ayuntamientos y ferias en Madrid y Toledo. He sido finalista y ganador de varios certámenes y premios de pintura. Mi serie &#8220;Diminutos&#8221; ha sido premiada y reconocida nacional e internacionalmente. Además, mi colección &#8220;Iconos de la Música&#8221;, donde rindo homenaje a grandes músicos a través de mi técnica, fue seleccionada para inaugurar el Museo Cromática de Toledo.</span></p>
<p><span style="color: #ffffff;">Formo parte del Proyecto Ayotl con la obra &#8220;Humanos por las Tortugas&#8221; para su exhibición en una gira mundial que recorre los cinco continentes. Asimismo, mi obra &#8220;La Última Cena&#8221; fue seleccionada para su exhibición en el 56 premio Reina Sofía. Además, fui reconocido como artista Mundart en 2022.</span></p>
<p><span style="color: #ffffff;">En diciembre de 2015, inauguré el TALLER-EXPOSICIÓN ARTEALCOLEA, un espacio donde los visitantes pueden apreciar mi obra y observar el proceso creativo de mi trabajo. Este espacio, abierto al público, cuenta con una sala de exposición donde se exhiben todas mis líneas de trabajo. En 2018, cambié de estudio continuando con mi trabajo pictórico y comencé a experimentar fusionando escultura y pintura.</span></p>
<p><span style="color: #ffffff;">En la actualidad, continúo exponiendo tanto a nivel nacional como internacional.</span></p>
<p>[/et_pb_text][et_pb_image src=&#8221;https://artealcolea.es/wp-content/uploads/2024/05/jesus-alcolea-05.jpg&#8221; title_text=&#8221;jesus alcolea 05&#8243; _builder_version=&#8221;4.22.2&#8243; _module_preset=&#8221;default&#8221; global_colors_info=&#8221;{}&#8221;][/et_pb_image][/et_pb_column][/et_pb_row][/et_pb_section]</p>

<p>BIOGRAFÍANacido en Madrid en 1970, comencé mi carrera como artista autodidacta en 2002, demostrando desde el principio una gran capacidad creativa. Durante los años comprendidos entre 2002 y 2006, estuve completamente enamorado de mi actividad artística, pintando e investigando diferentes técnicas como una forma de expresar mis inquietudes. Mi estilo pictórico se caracteriza por no [&hellip;]</p>
